{"id":29,"date":"2021-03-23T12:30:00","date_gmt":"2021-03-23T11:30:00","guid":{"rendered":"http:\/\/laventie.esy.es\/maisondesloisirs\/?page_id=29"},"modified":"2024-04-08T17:33:09","modified_gmt":"2024-04-08T15:33:09","slug":"multi-accueil-les-petits-princes","status":"publish","type":"page","link":"https:\/\/laventie.fr\/maisondesloisirs\/multi-accueil-les-petits-princes\/","title":{"rendered":"Cr\u00e8che \u00ab\u00a0Les petits princes\u00a0\u00bb"},"content":{"rendered":"\n<blockquote class=\"wp-block-quote\">\n<p>Ce lieu d\u2019accueil collectif voulu par la ville de Laventie et co-financ\u00e9 par la Caisse d\u2019Allocation Familiale a pour r\u00f4le de pallier l&rsquo;absence des parents, sans toutefois s&rsquo;y substituer. C&rsquo;est essentiellement un lieu d\u2019\u00e9veil et de sociabilisation.<\/p>\n<\/blockquote>\n\n\n<div class=\"wp-block-image\">\n<figure class=\"aligncenter\"><a href=\"https:\/\/laventie.fr\/maisondesloisirs\/wp-content\/uploads\/2021\/03\/LOGO-petit-prince-scaled.jpg\"><img loading=\"lazy\" decoding=\"async\" width=\"1024\" height=\"826\" src=\"https:\/\/laventie.fr\/maisondesloisirs\/wp-content\/uploads\/2021\/03\/LOGO-petit-prince-1024x826.jpg\" alt=\"\" class=\"wp-image-3125\" srcset=\"https:\/\/laventie.fr\/maisondesloisirs\/wp-content\/uploads\/2021\/03\/LOGO-petit-prince-1024x826.jpg 1024w, https:\/\/laventie.fr\/maisondesloisirs\/wp-content\/uploads\/2021\/03\/LOGO-petit-prince-300x242.jpg 300w, https:\/\/laventie.fr\/maisondesloisirs\/wp-content\/uploads\/2021\/03\/LOGO-petit-prince-768x619.jpg 768w, https:\/\/laventie.fr\/maisondesloisirs\/wp-content\/uploads\/2021\/03\/LOGO-petit-prince-1536x1239.jpg 1536w, https:\/\/laventie.fr\/maisondesloisirs\/wp-content\/uploads\/2021\/03\/LOGO-petit-prince-2048x1652.jpg 2048w\" sizes=\"(max-width: 1024px) 100vw, 1024px\" \/><\/a><\/figure><\/div>\n\n\n<p><span style=\"text-decoration: underline;\"><strong>Public et horaires<\/strong><\/span><\/p>\n\n\n\n<p>La cr\u00e8che est r\u00e9serv\u00e9e aux b\u00e9b\u00e9s et enfants de deux mois et demi \u00e0 six ans, laventinois (prioritairement) ou ext\u00e9rieurs (en fonction des places disponibles).<\/p>\n\n\n\n<p>Il est ouvert :<\/p>\n\n\n\n<p>le lundi, mardi, mercredi, jeudi et vendredi de 7h30 \u00e0 18h30.<\/p>\n\n\n\n<figure class=\"wp-block-table\"><table><tbody><tr><td><strong>FERMETURES EXCEPTIONNELLES<\/strong><\/td><td><strong>JOURS FERIES ET JOURNEES PEDAGOGIQUE<\/strong><\/td><\/tr><tr><td><strong>FERMETURES ANNUELLES<\/strong><\/td><td><strong>3 SEMAINES EN AOUT + 1 SEMAINE A NOEL<\/strong><\/td><\/tr><\/tbody><\/table><\/figure>\n\n\n\n<p><span style=\"text-decoration: underline;\"><strong>Objectifs et fonctionnement<\/strong><\/span><\/p>\n\n\n\n<p>La cr\u00e8che entend r\u00e9pondre \u00e0 l&rsquo;\u00e9volution des besoins des familles en proposant des horaires d&rsquo;ouverture \u00e9tendus, correspondant aux heures de travail des parents.<\/p>\n\n\n\n<p>Utilis\u00e9e comme mode de garde pour les parents, la cr\u00e8che permet aussi \u00e0 l&rsquo;enfant de d\u00e9couvrir la vie en collectivit\u00e9.<\/p>\n\n\n\n<p>L&rsquo;\u00e9quipe accompagne les enfants selon des valeurs simples comme l&rsquo;\u00e9coute, le respect des besoins, des habitudes tout en veillant au respect des r\u00e8gles de vie de la cr\u00e8che. La notion de plaisir rev\u00eat une importance primordiale (\u00eatre ensemble, jouer, grandir&#8230;)<\/p>\n\n\n\n<h3 class=\"wp-block-heading\">Une \u00c9quipe dipl\u00f4m\u00e9e et exp\u00e9riment\u00e9e<\/h3>\n\n\n\n<h3 class=\"wp-block-heading\">Au service de l\u2019accueil de l\u2019enfant<\/h3>\n\n\n\n<p>compos\u00e9e de&nbsp;:<\/p>\n\n\n\n<p>&#8211; 4 auxiliaires de pu\u00e9riculture,<\/p>\n\n\n\n<p>&#8211; 4 assistants \u00e9ducatifs Petite Enfance,<\/p>\n\n\n\n<p>&#8211; 1 infirmi\u00e8re pu\u00e9ricultrice, Directrice.<\/p>\n\n\n\n<p><strong>Un espace s\u00e9curis\u00e9 et s\u00e9curisant compos\u00e9&nbsp;de&nbsp;:<\/strong><\/p>\n\n\n\n<p>&#8211; 1 salle d\u2019activit\u00e9s, 1 salle de repas,<\/p>\n\n\n\n<p>&#8211; 2 espaces de repos,<\/p>\n\n\n\n<p>&#8211; 1 espace de change.<\/p>\n\n\n\n<p>Des activit\u00e9s sont propos\u00e9es selon les \u00e2ges des enfants. En fonction des besoins de chacun, une sieste est pr\u00e9vue le matin et\/ou l&rsquo;apr\u00e8s-midi.<\/p>\n\n\n\n<p>Les repas, le lait, les couches et produits d&rsquo;hygi\u00e8ne sont fournis.<\/p>\n\n\n\n<p><span style=\"text-decoration: underline;\"><strong>Types d&rsquo;accueil propos\u00e9s<\/strong><\/span><\/p>\n\n\n\n<p>La structure dispose de 18 places d\u2019accueil disponibles par jour.<\/p>\n\n\n\n<p><strong>3 types d\u2019accueil <\/strong>sont propos\u00e9s :<\/p>\n\n\n\n<ul>\n<li><strong>Accueil r\u00e9gulier :<\/strong><\/li>\n<\/ul>\n\n\n\n<p><strong>\u00a0<\/strong>C\u2019est un accueil de type \u00ab cr\u00e8che \u00bb.<\/p>\n\n\n\n<p>Un contrat est r\u00e9dig\u00e9 avec les parents \u00e0 l\u2019inscription. Ce contrat pr\u00e9voit les jours et les horaires de pr\u00e9sence de l\u2019enfant, ainsi que les cong\u00e9s quand cela est possible.<\/p>\n\n\n\n<ul>\n<li><strong>Accueil occasionnel :<\/strong><\/li>\n<\/ul>\n\n\n\n<p>C\u2019est un accueil de type halte-garderie sans limites d\u2019heures de pr\u00e9sence hebdomadaire. Il n\u2019y a pas de contrat annuel pour ce type d\u2019accueil. Les parents ont la possibilit\u00e9 de r\u00e9server dans les places encore disponibles une semaine \u00e0 l\u2019avance.<\/p>\n\n\n\n<ul>\n<li><strong>Accueil d&rsquo;urgence<\/strong><\/li>\n<\/ul>\n\n\n\n<p><strong>La prise en charge d\u2019un enfant porteur de handicap sera \u00e9galement possible (Quel que soit le type d\u2019accueil).<\/strong><\/p>\n\n\n\n<p><span style=\"text-decoration: underline;\"><strong>Inscriptions et tarifs<\/strong><\/span><\/p>\n\n\n\n<p>&#8211; Un <u>Certificat m\u00e9dical <\/u>sera exig\u00e9 pour les enfants de plus de 4 mois : l\u2019enfant devra \u00eatre apte \u00e0 la vie en collectivit\u00e9.<\/p>\n\n\n\n<ul>\n<li>Le m\u00e9decin r\u00e9f\u00e9rent de la structure fera les visites d\u2019admission pour les enfants de moins de 4 mois et les enfants pr\u00e9sentant un handicap ou une maladie chronique.<\/li>\n\n\n\n<li>L\u2019enfant devra \u00eatre \u00e0 jour de ses vaccinations.<\/li>\n<\/ul>\n\n\n\n<p><strong>Les inscriptions <\/strong>sont prises dans la limite des places disponible durant les horaires d\u2019ouverture.<\/p>\n\n\n\n<ul>\n<li><strong>Les pi\u00e8ces \u00e0 fournir <\/strong>sont: avis d\u2019imposition, justificatif de domicile, photo, attestation carte vitale, n\u00b0 d\u2019allocataire CAF ou MSA, livret de famille et carnet de sant\u00e9.<\/li>\n<\/ul>\n\n\n\n<ul>\n<li><strong>Les tarifs <\/strong>varient en fonction des revenus et du nombre d\u2019enfants \u00e0 charge de la famille et sont d\u00e9finis par la CNAF.<\/li>\n\n\n\n<li><strong>La participation financi\u00e8re <\/strong>est calcul\u00e9e par rapport au Revenu Imposable sur la base du :<\/li>\n<\/ul>\n\n\n\n<figure class=\"wp-block-table\"><table><tbody><tr><td>\n<p style=\"text-align: center;\"><strong>&nbsp;N<\/strong><strong>OMBRE d\u2019ENFANTS<\/strong><\/p>\n<\/td><td>\n<p style=\"text-align: center;\"><strong>du 01\/01\/21 <\/strong><\/p>\n<p style=\"text-align: center;\"><strong>au<\/strong><\/p>\n<p style=\"text-align: center;\"><strong>31\/12\/21<\/strong><\/p>\n<\/td><td>\n<p style=\"text-align: center;\"><strong>du 01\/01\/22<\/strong><\/p>\n<p style=\"text-align: center;\"><strong>au<\/strong><\/p>\n<p style=\"text-align: center;\"><strong>31\/12\/22<\/strong><\/p>\n<\/td><\/tr><tr><td>\n<p style=\"text-align: center;\"><strong>1<\/strong><\/p>\n<\/td><td><strong>0.0615 %<\/strong><\/td><td><strong>0.0619 %<\/strong><\/td><\/tr><tr><td>\n<p style=\"text-align: center;\"><strong>2<\/strong><\/p>\n<\/td><td><strong>0.0512 %<\/strong><\/td><td><strong>0.0516 %<\/strong><\/td><\/tr><tr><td>\n<p style=\"text-align: center;\"><strong>3<\/strong><\/p>\n<\/td><td><strong>0.0410 %<\/strong><\/td><td><strong>0.0413 %<\/strong><\/td><\/tr><tr><td>\n<p style=\"text-align: center;\"><strong>4<\/strong><\/p>\n<\/td><td><strong>0.0307 %<\/strong><\/td><td><strong>0.0310 %<\/strong><\/td><\/tr><tr><td>\n<p style=\"text-align: center;\"><strong>5<\/strong><\/p>\n<\/td><td><strong>0.0307 %<\/strong><\/td><td><strong>0.0310 %<\/strong><\/td><\/tr><tr><td>\n<p style=\"text-align: center;\"><strong>6<\/strong><\/p>\n<\/td><td><strong>0.0307 %<\/strong><\/td><td><strong>0.0310 %<\/strong><\/td><\/tr><tr><td>\n<p style=\"text-align: center;\"><strong>7<\/strong><\/p>\n<\/td><td><strong>0.0307 %<\/strong><\/td><td><strong>0.0310 %<\/strong><\/td><\/tr><tr><td>\n<p style=\"text-align: center;\"><strong>8<\/strong><\/p>\n<\/td><td><strong>0.0205 %<\/strong><\/td><td><strong>0.0206 %<\/strong><\/td><\/tr><tr><td>\n<p style=\"text-align: center;\"><strong>9<\/strong><\/p>\n<\/td><td><strong>0.0205 %<\/strong><\/td><td><strong>0.0206 %<\/strong><\/td><\/tr><tr><td>\n<p style=\"text-align: center;\"><strong>10<\/strong><\/p>\n<\/td><td><strong>0.0205 %<\/strong><\/td><td>\n<p style=\"text-align: left;\"><strong>0.0206 %<\/strong><\/p>\n<\/td><\/tr><\/tbody><\/table><\/figure>\n\n\n\n<p>&#8211; Si les ressources ne sont pas connues, le tarif plancher est appliqu\u00e9.<\/p>\n\n\n\n<p>Pour les ext\u00e9rieurs, les tarifs sont major\u00e9s de 30%.<\/p>\n\n\n\n<h2 class=\"wp-block-heading\"><strong>Pour plus de renseignements, n&rsquo;h\u00e9sitez pas \u00e0 nous contacter<\/strong><\/h2>\n\n\n\n<h2 class=\"wp-block-heading\"><strong>au<\/strong><\/h2>\n\n\n\n<h2 class=\"wp-block-heading\"><strong>03-21-63-17-41 ou lespetitsprinces@laventie.fr<\/strong><\/h2>\n","protected":false},"excerpt":{"rendered":"<p>Ce lieu d\u2019accueil collectif voulu par la ville de Laventie et co-financ\u00e9 par la Caisse d\u2019Allocation Familiale a pour r\u00f4le de pallier l&rsquo;absence des parents, sans toutefois s&rsquo;y substituer. C&rsquo;est essentiellement un lieu d\u2019\u00e9veil et de sociabilisation. Public et horaires La cr\u00e8che est r\u00e9serv\u00e9e aux b\u00e9b\u00e9s et enfants de deux mois et demi \u00e0 six [&hellip;]<\/p>\n","protected":false},"author":1,"featured_media":0,"parent":0,"menu_order":0,"comment_status":"closed","ping_status":"closed","template":"","meta":{"footnotes":"","_mc_calendar":[]},"yoast_head":"<!-- This site is optimized with the Yoast SEO plugin v14.9 - https:\/\/yoast.com\/wordpress\/plugins\/seo\/ -->\n<title>Cr\u00e8che &quot;Les petits princes&quot; - P\u00f4le jeunesse<\/title>\n<meta name=\"robots\" content=\"index, follow, max-snippet:-1, max-image-preview:large, max-video-preview:-1\" \/>\n<link rel=\"canonical\" href=\"https:\/\/laventie.fr\/maisondesloisirs\/multi-accueil-les-petits-princes\/\" \/>\n<meta property=\"og:locale\" content=\"fr_FR\" \/>\n<meta property=\"og:type\" content=\"article\" \/>\n<meta property=\"og:title\" content=\"Cr\u00e8che &quot;Les petits princes&quot; - P\u00f4le jeunesse\" \/>\n<meta property=\"og:description\" content=\"Ce lieu d\u2019accueil collectif voulu par la ville de Laventie et co-financ\u00e9 par la Caisse d\u2019Allocation Familiale a pour r\u00f4le de pallier l&rsquo;absence des parents, sans toutefois s&rsquo;y substituer. C&rsquo;est essentiellement un lieu d\u2019\u00e9veil et de sociabilisation. Public et horaires La cr\u00e8che est r\u00e9serv\u00e9e aux b\u00e9b\u00e9s et enfants de deux mois et demi \u00e0 six [&hellip;]\" \/>\n<meta property=\"og:url\" content=\"https:\/\/laventie.fr\/maisondesloisirs\/multi-accueil-les-petits-princes\/\" \/>\n<meta property=\"og:site_name\" content=\"P\u00f4le jeunesse\" \/>\n<meta property=\"article:modified_time\" content=\"2024-04-08T15:33:09+00:00\" \/>\n<meta property=\"og:image\" content=\"https:\/\/laventie.fr\/maisondesloisirs\/wp-content\/uploads\/2021\/03\/LOGO-petit-prince-1024x826.jpg\" \/>\n<meta name=\"twitter:card\" content=\"summary_large_image\" \/>\n<script type=\"application\/ld+json\" class=\"yoast-schema-graph\">{\"@context\":\"https:\/\/schema.org\",\"@graph\":[{\"@type\":\"WebSite\",\"@id\":\"https:\/\/laventie.fr\/maisondesloisirs\/#website\",\"url\":\"https:\/\/laventie.fr\/maisondesloisirs\/\",\"name\":\"P\\u00f4le jeunesse\",\"description\":\"\",\"potentialAction\":[{\"@type\":\"SearchAction\",\"target\":\"https:\/\/laventie.fr\/maisondesloisirs\/?s={search_term_string}\",\"query-input\":\"required name=search_term_string\"}],\"inLanguage\":\"fr-FR\"},{\"@type\":\"ImageObject\",\"@id\":\"https:\/\/laventie.fr\/maisondesloisirs\/multi-accueil-les-petits-princes\/#primaryimage\",\"inLanguage\":\"fr-FR\",\"url\":\"https:\/\/laventie.fr\/maisondesloisirs\/wp-content\/uploads\/2021\/03\/LOGO-petit-prince-1024x826.jpg\"},{\"@type\":\"WebPage\",\"@id\":\"https:\/\/laventie.fr\/maisondesloisirs\/multi-accueil-les-petits-princes\/#webpage\",\"url\":\"https:\/\/laventie.fr\/maisondesloisirs\/multi-accueil-les-petits-princes\/\",\"name\":\"Cr\\u00e8che \\\"Les petits princes\\\" - P\\u00f4le jeunesse\",\"isPartOf\":{\"@id\":\"https:\/\/laventie.fr\/maisondesloisirs\/#website\"},\"primaryImageOfPage\":{\"@id\":\"https:\/\/laventie.fr\/maisondesloisirs\/multi-accueil-les-petits-princes\/#primaryimage\"},\"datePublished\":\"2021-03-23T11:30:00+00:00\",\"dateModified\":\"2024-04-08T15:33:09+00:00\",\"inLanguage\":\"fr-FR\",\"potentialAction\":[{\"@type\":\"ReadAction\",\"target\":[\"https:\/\/laventie.fr\/maisondesloisirs\/multi-accueil-les-petits-princes\/\"]}]}]}<\/script>\n<!-- \/ Yoast SEO plugin. -->","_links":{"self":[{"href":"https:\/\/laventie.fr\/maisondesloisirs\/wp-json\/wp\/v2\/pages\/29"}],"collection":[{"href":"https:\/\/laventie.fr\/maisondesloisirs\/wp-json\/wp\/v2\/pages"}],"about":[{"href":"https:\/\/laventie.fr\/maisondesloisirs\/wp-json\/wp\/v2\/types\/page"}],"author":[{"embeddable":true,"href":"https:\/\/laventie.fr\/maisondesloisirs\/wp-json\/wp\/v2\/users\/1"}],"replies":[{"embeddable":true,"href":"https:\/\/laventie.fr\/maisondesloisirs\/wp-json\/wp\/v2\/comments?post=29"}],"version-history":[{"count":35,"href":"https:\/\/laventie.fr\/maisondesloisirs\/wp-json\/wp\/v2\/pages\/29\/revisions"}],"predecessor-version":[{"id":4387,"href":"https:\/\/laventie.fr\/maisondesloisirs\/wp-json\/wp\/v2\/pages\/29\/revisions\/4387"}],"wp:attachment":[{"href":"https:\/\/laventie.fr\/maisondesloisirs\/wp-json\/wp\/v2\/media?parent=29"}],"curies":[{"name":"wp","href":"https:\/\/api.w.org\/{rel}","templated":true}]}}